{"id":558,"date":"2024-02-19T13:20:04","date_gmt":"2024-02-19T13:20:04","guid":{"rendered":"https:\/\/www.hannelekumpulainen.net\/?page_id=558"},"modified":"2025-09-29T13:11:20","modified_gmt":"2025-09-29T13:11:20","slug":"frontpage","status":"publish","type":"page","link":"https:\/\/www.hannelekumpulainen.net\/","title":{"rendered":"Etusivu"},"content":{"rendered":"\n<div class=\"gb-element-89ef83b0\">\n<div class=\"gb-element-49a63be4\">\n<div class=\"gb-element-f3f0deef\">\n<div style=\"height:96px\" aria-hidden=\"true\" class=\"wp-block-spacer\"><\/div>\n\n\n\n<h2 class=\"wp-block-heading has-text-align-left has-text-color\" style=\"color:#e12727;font-size:48px;font-style:normal;font-weight:700;letter-spacing:0px;line-height:1;text-transform:uppercase\">Hannele Kumpulainen<\/h2>\n\n\n\n<div style=\"height:32px\" aria-hidden=\"true\" class=\"wp-block-spacer\"><\/div>\n\n\n\n<p>Hannele Kumpulainen on kuvataiteilija. H\u00e4nen teoksiaan kuuluu useisiin suomalaisiin taidekokoelmiin. Kumpulainen on k\u00e4sitellyt teoksissaan mm. lian teemaa ja karjalaisuuden vaientamista. H\u00e4nen ty\u00f6skentelyns\u00e4 johtolankana on haastaa tapa,jolla h\u00e4n esitt\u00e4\u00e4 kulloisenkin aiheensa. Kumpulaisen ty\u00f6skentely nostaa esiin k\u00e4sity\u00f6l\u00e4isyyden henkisen\u00e4 toimintona, mik\u00e4 tuo usein materian tarkastelun keskipisteeseen.<\/p>\n\n\n\n<div style=\"height:80px\" aria-hidden=\"true\" class=\"wp-block-spacer\"><\/div>\n\n\n\n<div class=\"wp-block-buttons is-horizontal is-content-justification-left is-nowrap is-layout-flex wp-container-core-buttons-is-layout-3bca57aa wp-block-buttons-is-layout-flex\">\n<div class=\"wp-block-button is-style-outline is-style-outline--1\"><a class=\"wp-block-button__link has-white-color has-text-color has-background has-custom-font-size wp-element-button\" href=\"https:\/\/www.hannelekumpulainen.net\/?page_id=586\" style=\"background-color:#f05858;padding-top:24px;padding-right:48px;padding-bottom:24px;padding-left:48px;font-size:16px;font-style:normal;font-weight:600;letter-spacing:0px;text-transform:uppercase\">blogi<\/a><\/div>\n<\/div>\n<\/div>\n\n\n\n<div><div class=\"wp-block-image is-style-rounded\">\n<figure class=\"aligncenter size-large is-resized\"><img loading=\"lazy\" decoding=\"async\" width=\"880\" height=\"1024\" src=\"https:\/\/www.hannelekumpulainen.net\/wp-content\/uploads\/Hannele-Kumpulainen-Ellendan-1-880x1024.jpg\" alt=\"\" class=\"wp-image-516\" style=\"width:385px;height:auto\" srcset=\"https:\/\/www.hannelekumpulainen.net\/wp-content\/uploads\/Hannele-Kumpulainen-Ellendan-1-880x1024.jpg 880w, https:\/\/www.hannelekumpulainen.net\/wp-content\/uploads\/Hannele-Kumpulainen-Ellendan-1-516x600.jpg 516w, https:\/\/www.hannelekumpulainen.net\/wp-content\/uploads\/Hannele-Kumpulainen-Ellendan-1-344x400.jpg 344w, https:\/\/www.hannelekumpulainen.net\/wp-content\/uploads\/Hannele-Kumpulainen-Ellendan-1-768x894.jpg 768w, https:\/\/www.hannelekumpulainen.net\/wp-content\/uploads\/Hannele-Kumpulainen-Ellendan-1.jpg 1258w\" sizes=\"auto, (max-width: 880px) 100vw, 880px\" \/><\/figure><\/div><\/div>\n<\/div>\n\n\n\n<div class=\"gb-element-9615ba30\">\n<div class=\"gb-element-645c7584\">\n<h4 class=\"wp-block-heading has-text-align-center\"><strong><a href=\"https:\/\/www.hannelekumpulainen.net\/?page_id=593\" data-type=\"page\" data-id=\"593\">BETTYN KANSSA<\/a><\/strong><\/h4>\n<\/div>\n\n\n\n<div class=\"gb-element-50271b61\">\n<h4 class=\"wp-block-heading has-text-align-center\"><strong><a href=\"https:\/\/www.hannelekumpulainen.net\/?page_id=452\" data-type=\"page\" data-id=\"452\">ELLEND\u00c4N<\/a><\/strong><\/h4>\n<\/div>\n\n\n\n<div class=\"gb-element-191095fb\">\n<h4 class=\"wp-block-heading has-text-align-center\"><strong><a href=\"https:\/\/www.hannelekumpulainen.net\/?page_id=609\" data-type=\"page\" data-id=\"609\">HARMAASKAALASSA<\/a><\/strong><\/h4>\n<\/div>\n\n\n\n<div class=\"gb-element-b89df0e7\">\n<h4 class=\"wp-block-heading has-text-align-center\"><strong><a href=\"https:\/\/www.hannelekumpulainen.net\/?page_id=614\" data-type=\"page\" data-id=\"614\">KORISTETTA ETSIM\u00c4SS\u00c4<\/a><\/strong><\/h4>\n<\/div>\n\n\n\n<div class=\"gb-element-2603d744\">\n<h4 class=\"wp-block-heading has-text-align-center\"><strong><a href=\"https:\/\/www.hannelekumpulainen.net\/?page_id=621\" data-type=\"page\" data-id=\"621\">LIASTA<\/a><\/strong><\/h4>\n<\/div>\n<\/div>\n\n\n\n<div class=\"gb-element-3ea69d55\">\n<div class=\"gb-element-a178bde1\">\n<h4 class=\"wp-block-heading has-text-align-center\"><strong><a href=\"https:\/\/www.hannelekumpulainen.net\/?page_id=630\" data-type=\"page\" data-id=\"630\">LINNUN PAIKKA<\/a><\/strong><\/h4>\n<\/div>\n\n\n\n<div class=\"gb-element-d591df31\">\n<h4 class=\"wp-block-heading has-text-align-center\"><strong><a href=\"https:\/\/www.hannelekumpulainen.net\/?page_id=634\" data-type=\"page\" data-id=\"634\">POTKUPUKUPINOT<\/a><\/strong><\/h4>\n<\/div>\n\n\n\n<div class=\"gb-element-5aa4209a\">\n<h4 class=\"wp-block-heading has-text-align-center\"><strong><a href=\"https:\/\/www.hannelekumpulainen.net\/?page_id=638\" data-type=\"page\" data-id=\"638\">REVINN\u00c4ISET<\/a><\/strong><\/h4>\n<\/div>\n\n\n\n<div class=\"gb-element-8f99ff03\">\n<h4 class=\"wp-block-heading has-text-align-center\"><strong><a href=\"https:\/\/www.hannelekumpulainen.net\/?page_id=644\" data-type=\"page\" data-id=\"644\">SIVUSTAKATSOTUT<\/a><\/strong><\/h4>\n<\/div>\n\n\n\n<div class=\"gb-element-a404df5c\">\n<h4 class=\"wp-block-heading has-text-align-center\"><strong><a href=\"https:\/\/www.hannelekumpulainen.net\/?page_id=649\" data-type=\"page\" data-id=\"649\">VITRIINIMAALAUKSET<\/a><\/strong><\/h4>\n<\/div>\n<\/div>\n\n\n\n<div class=\"gb-element-39f857cb\">\n<div class=\"gb-element-56abb92f\">\n<h5 class=\"wp-block-heading\" style=\"font-size:23px\">Artikkeleita<\/h5>\n\n\n\n<p class=\"has-text-align-left\"><a href=\"http:\/\/www.hannelekumpulainen.net\/?page_id=465\">Saateteksti n\u00e4yttelyyn ELLEND\u00c4N &#8211;<em> Koristeen vuoro<\/em><\/a><br><a href=\"http:\/\/www.hannelekumpulainen.net\/?page_id=401\">Saateteksti n\u00e4yttelyyn Koristetta etsim\u00e4ss\u00e4<\/a><br><a href=\"pdf\/Hannele_Kumpulainen_Linnun_Paikka.pdf\" target=\"_blank\" rel=\"noreferrer noopener\">Renja Suominen-Kokkosen artikkeli n\u00e4yttelyst\u00e4 Linnun paikka (pdf)<\/a><br><a href=\"http:\/\/www.hannelekumpulainen.net\/?p=30\">Inkamaija Iiti\u00e4n essee n\u00e4yttelyst\u00e4 Maalauksia kankaalle<\/a><br><\/p>\n<\/div>\n\n\n\n<div class=\"gb-element-a642db9c\">\n<h5 class=\"wp-block-heading\" style=\"font-size:23px\">Ansioluettelo<\/h5>\n\n\n\n<p><a href=\"https:\/\/www.hannelekumpulainen.net\/?page_id=360&amp;lang=en\" target=\"_blank\" rel=\"noreferrer noopener\">CV in English<\/a><br><a href=\"https:\/\/www.hannelekumpulainen.net\/?page_id=358\" target=\"_blank\" rel=\"noreferrer noopener\">CV in Finnish<\/a><br><\/p>\n<\/div>\n\n\n\n<div class=\"gb-element-f4cdb7aa\">\n<h5 class=\"wp-block-heading\" style=\"font-size:23px\">Yhteydenotto<\/h5>\n\n\n\n<p><a href=\"mailto:hannelikumpulainen@gmail.com\">email<\/a><\/p>\n\n\n<form role=\"search\" method=\"get\" action=\"https:\/\/www.hannelekumpulainen.net\/\" class=\"wp-block-search__button-outside wp-block-search__text-button aligncenter wp-block-search\"    ><label class=\"wp-block-search__label\" for=\"wp-block-search__input-2\" >Haku<\/label><div class=\"wp-block-search__inside-wrapper \"  style=\"width: 25%\"><input class=\"wp-block-search__input\" id=\"wp-block-search__input-2\" placeholder=\"\" value=\"\" type=\"search\" name=\"s\" required \/><button aria-label=\"Etsi\" class=\"wp-block-search__button has-background has-contrast-3-background-color wp-element-button\" type=\"submit\" >Etsi<\/button><\/div><\/form><\/div>\n<\/div>\n<\/div>\n\n\n\n<p><\/p>\n","protected":false},"excerpt":{"rendered":"<p>Hannele Kumpulainen Hannele Kumpulainen on kuvataiteilija. H\u00e4nen teoksiaan kuuluu useisiin suomalaisiin taidekokoelmiin. Kumpulainen on k\u00e4sitellyt teoksissaan mm. lian teemaa ja karjalaisuuden vaientamista. H\u00e4nen ty\u00f6skentelyns\u00e4 johtolankana on haastaa tapa,jolla h\u00e4n esitt\u00e4\u00e4 kulloisenkin aiheensa. Kumpulaisen ty\u00f6skentely nostaa esiin k\u00e4sity\u00f6l\u00e4isyyden henkisen\u00e4 toimintona, mik\u00e4 tuo usein materian tarkastelun keskipisteeseen. BETTYN KANSSA ELLEND\u00c4N HARMAASKAALASSA KORISTETTA ETSIM\u00c4SS\u00c4 LIASTA LINNUN PAIKKA POTKUPUKUPINOT &#8230; <a title=\"Etusivu\" class=\"read-more\" href=\"https:\/\/www.hannelekumpulainen.net\/\" aria-label=\"Read more about Etusivu\">Read more<\/a><\/p>\n","protected":false},"author":1,"featured_media":0,"parent":0,"menu_order":0,"comment_status":"closed","ping_status":"closed","template":"","meta":{"footnotes":""},"class_list":["post-558","page","type-page","status-publish"],"jetpack_sharing_enabled":true,"jetpack_likes_enabled":true,"fb_featured_image_src":{"full":false,"thumbnail":false,"medium":false,"medium_large":false,"large":false},"fb_author_info":{"name":"Hannele Kumpulainen","avatar":"https:\/\/secure.gravatar.com\/avatar\/62d77163bd054913f4e619c1a002ee49b1bb7e99bb5866a03387d512e9cacd68?s=96&d=mm&r=g","bio":"","archive_url":"https:\/\/www.hannelekumpulainen.net\/author\/hannele-kumpulainen","email":"contact@hannelekumpulainen.net","latest_post_date":"24 Mar 2024"},"fb_category_info":[],"fb_post_tag_info":[],"fb_post_excerpt":"Hannele Kumpulainen Hannele Kumpulainen on kuvataiteilija. H\u00e4nen teoksiaan kuuluu useisiin suomalaisiin taidekokoelmiin. Kumpulainen on k\u00e4sitellyt teoksissaan mm. lian teemaa ja karjalaisuuden vaientamista. H\u00e4nen ty\u00f6skentelyns\u00e4 johtolankana on haastaa tapa,jolla h\u00e4n esitt\u00e4\u00e4 kulloisenkin aiheensa. Kumpulaisen ty\u00f6skentely nostaa esiin k\u00e4sity\u00f6l\u00e4isyyden henkisen\u00e4 toimintona, mik\u00e4 tuo usein materian tarkastelun keskipisteeseen. BETTYN KANSSA ELLEND\u00c4N HARMAASKAALASSA KORISTETTA ETSIM\u00c4SS\u00c4 LIASTA LINNUN PAIKKA POTKUPUKUPINOT&hellip;","_links":{"self":[{"href":"https:\/\/www.hannelekumpulainen.net\/index.php?rest_route=\/wp\/v2\/pages\/558","targetHints":{"allow":["GET"]}}],"collection":[{"href":"https:\/\/www.hannelekumpulainen.net\/index.php?rest_route=\/wp\/v2\/pages"}],"about":[{"href":"https:\/\/www.hannelekumpulainen.net\/index.php?rest_route=\/wp\/v2\/types\/page"}],"author":[{"embeddable":true,"href":"https:\/\/www.hannelekumpulainen.net\/index.php?rest_route=\/wp\/v2\/users\/1"}],"replies":[{"embeddable":true,"href":"https:\/\/www.hannelekumpulainen.net\/index.php?rest_route=%2Fwp%2Fv2%2Fcomments&post=558"}],"version-history":[{"count":141,"href":"https:\/\/www.hannelekumpulainen.net\/index.php?rest_route=\/wp\/v2\/pages\/558\/revisions"}],"predecessor-version":[{"id":897,"href":"https:\/\/www.hannelekumpulainen.net\/index.php?rest_route=\/wp\/v2\/pages\/558\/revisions\/897"}],"wp:attachment":[{"href":"https:\/\/www.hannelekumpulainen.net\/index.php?rest_route=%2Fwp%2Fv2%2Fmedia&parent=558"}],"curies":[{"name":"wp","href":"https:\/\/api.w.org\/{rel}","templated":true}]}}